z(r) = -r**2 + 3593*r - 32202. Calculate z(9).
54
Let a(i) = i**3 + 2*i**2 - 25*i + 2220. Give a(0).
2220
Let a(m) = -26*m**2 + 419*m + 929. Give a(18).
47
Let y(f) = -34563*f - 449327. What is y(-13)?
-8
Let h(q) = -219*q**2 - 1300*q - 19. Determine h(-6).
-103
Let q(s) = 6*s**3 - 40*s**2 + 15*s - 121. Calculate q(9).
1148
Let j(n) = 24*n**2 - 8916*n + 4458. What is j(371)?
6
Let j(f) = -1868*f - 1699840. Give j(-910).
40
Let y(h) = -250*h + 15260. Calculate y(61).
10
Let h(y) = 5*y**2 + 360*y + 2809. Calculate h(-63).
-26
Let s(m) = m**3 - 2*m**2 - 10601*m - 523. Determine s(104).
205
Let d(c) = -56*c**3 + 9899*c**2 + 2303*c - 366. Determine d(177).
-12
Let w(k) = 247*k**2 - 910*k - 64. Calculate w(4).
248
Let i(c) = -3*c**3 + 15*c**2 - 20*c - 32. What is i(0)?
-32
Let y(o) = 290*o + 1256. Give y(-3).
386
Let y(v) = -v**2 + 715*v + 14165. Calculate y(-19).
219
Let m(u) = -u**2 + 309*u + 2574. Give m(-8).
38
Let q(p) = 17962*p - 2335061. Determine q(130).
-1
Let d(s) = 972*s**2 + 40846*s + 917. Determine d(-42).
-7
Let s(p) = 6*p**2 - 26848*p + 26844. Give s(1).
2
Let h(d) = d**2 + 4788*d + 316303. Determine h(-67).
-4
Let f(r) = 4*r**3 + 26*r**2 + 256*r + 1906. Give f(-7).
16
Let s(a) = -3*a**2 - 618*a + 37480. What is s(-255)?
-5
Let z(k) = -12118*k - 315154. Calculate z(-26).
-86
Let m(x) = 4*x**2 - 20*x + 237. What is m(0)?
237
Let h(j) = -22*j**2 + 9567*j + 1317. Give h(435).
12
Let f(w) = -51*w**2 - 13063*w - 14773. Give f(-255).
17
Let d(s) = 15*s**2 + 237*s - 3471. Calculate d(10).
399
Let z(d) = d**3 + 10*d**2 - 22000*d - 3. Determine z(0).
-3
Let a(g) = -3*g**2 + 57349*g + 27. Determine a(0).
27
Let k(w) = -w**3 - 22*w**2 + 175*w + 693. Give k(-3).
-3
Let i(h) = -13185*h - 3981847. What is i(-302)?
23
Let f(k) = -k**2 + 1273885*k - 6369409. Determine f(5).
-9
Let o(f) = -37*f**3 + 778*f**2 - 11*f - 170. Give o(21).
40
Let j(r) = 28*r**2 - 3392*r - 13571. Determine j(-4).
445
Let x(k) = -10*k**2 + 15608*k - 109273. Calculate x(7).
-507
Let r(v) = v**2 - 1633*v - 68596. Calculate r(-41).
38
Let b(l) = 4*l**2 + 106*l + 243. Determine b(-24).
3
Let z(k) = 7356*k + 647190. Give z(-88).
-138
Let s(o) = 10*o**2 + 1042*o + 2219. Determine s(-102).
-25
Let p(d) = -19*d**3 - 169*d**2 + 4*d - 104. What is p(-9)?
22
Let x(l) = 15554*l - 1555407. Calculate x(100).
-7
Let o(u) = -22*u**2 - 449*u - 6473. Calculate o(-14).
-4499
Let v(u) = u**3 + 6*u**2 - 28*u - 50. Give v(9).
913
Let s(d) = -28*d**2 + 1473*d + 2086. What is s(54)?
-20
Let k(u) = -u**3 + 38*u**2 + 511*u - 21020. Determine k(36).
-32
Let w(r) = 2*r**3 + 1769*r**2 - 93452*r + 95. Determine w(50).
-5
Let s(g) = g**3 - 151*g**2 + 4016*g + 14283. Calculate s(115).
23
Let k(a) = -a**2 + 11203*a + 1290185. What is k(-114)?
47
Let b(d) = -5271*d - 495499. Determine b(-94).
-25
Let z(n) = 93*n**2 - 514*n + 1536. Give z(3).
831
Let a(f) = 8139*f - 806143. Determine a(99).
-382
Let l(x) = -46*x - 4770. What is l(-99)?
-216
Let w(z) = 5*z**3 - 73*z**2 + 3*z - 213. What is w(15)?
282
Let h(t) = t**3 + 434*t**2 - 30881*t - 63970. Give h(-496).
14
Let l(m) = 24*m**2 - 8271*m - 3147. Give l(345).
-42
Let c(h) = -104*h + 12806. Determine c(124).
-90
Let r(m) = 167*m**3 - 843*m**2 + 25*m + 50. Determine r(5).
-25
Let b(y) = 5080*y + 1452877. Determine b(-286).
-3
Let l(a) = -2094*a - 6246. Determine l(-3).
36
Let z(p) = -856*p + 736. Give z(1).
-120
Let r(h) = 29*h**3 + 49*h**2 + 379*h + 345. Give r(-1).
-14
Let m(y) = -y**3 - 3*y**2 - 5026*y + 20255. Give m(4).
39
Let u(n) = -2*n**3 + 113*n**2 - 382*n + 11977. What is u(55)?
42
Let k(y) = y**3 - 94*y**2 + 1156*y - 514. Give k(14).
-10
Let s(r) = 6*r**3 + 41*r**2 - 243*r - 190. What is s(-10)?
340
Let w(t) = -3*t**3 + 987*t**2 - 1955*t - 2324. What is w(327)?
-35
Let u(f) = 2671*f - 24181. What is u(9)?
-142
Let y(u) = u**3 - 88*u**2 + 1775*u - 65581. Determine y(76).
7
Let z(w) = 10*w**2 - 182*w + 12. Calculate z(8).
-804
Let c(w) = 10578*w - 53143. Give c(5).
-253
Let w(a) = -a**2 - 2778*a - 6. What is w(0)?
-6
Let t(l) = 2*l**3 - 2*l**2 + 45*l + 395. Give t(-6).
-379
Let m(z) = z**3 + 33*z**2 + 115*z + 4684. Determine m(-34).
-382
Let x(k) = k**3 - 769*k**2 - 10158*k - 6254. Determine x(782).
2
Let s(p) = 8*p**2 + 1772*p - 19478. Calculate s(-232).
10
Let i(d) = -8*d**3 + 15*d**2 + 448*d + 445. Calculate i(-1).
20
Let g(m) = m**3 + 144*m**2 + 4901*m + 336. Calculate g(-55).
6
Let b(a) = -2*a**3 + 598*a**2 - 15671*a + 324. Give b(29).
5
Let t(f) = -5*f**3 - 615*f**2 + 8*f + 987. Calculate t(-123).
3
Let l(p) = 3*p**3 + 523*p**2 - 1135*p + 193. Calculate l(2).
39
Let f(p) = 292*p + 8456. Calculate f(-26).
864
Let l(d) = -2*d**3 + 18*d**2 + 1824*d - 14612. Determine l(8).
108
Let h(b) = -2*b**3 + 15*b**2 + 23*b - 197. What is h(7)?
13
Let f(a) = 1104821*a - 12153024. Calculate f(11).
7
Let j(g) = -256*g - 4091. What is j(-15)?
-251
Let y(o) = -3*o**2 + 3495*o + 111219. Calculate y(-31).
-9
Let t(z) = -128*z**2 + 710*z - 800. What is t(4)?
-8
Let p(l) = 730*l - 644590. Give p(883).
0
Let j(y) = -3*y**3 + 14*y**2 - 240*y + 2085. What is j(9)?
-1128
Let i(l) = 9*l**2 - 127*l + 53. Determine i(12).
-175
Let z(g) = -926*g - 445370. Determine z(-482).
962
Let c(i) = i**3 - 19*i**2 - 103*i - 59. Determine c(20).
-1719
Let s(y) = 3*y**2 - 222*y - 2818. Determine s(-11).
-13
Let y(x) = x**3 + 98*x**2 + 2033*x - 557. What is y(-68)?
-81
Let h(m) = 814*m - 48886. Determine h(60).
-46
Let h(a) = a**3 - 59*a**2 + 270*a + 4892. Determine h(52).
4
Let b(r) = r**3 + 15*r**2 + 28*r + 17. What is b(-14)?
-179
Let y(q) = q**3 + 136*q**2 - 13876*q + 268. Give y(68).
-4
Let m(a) = -4*a**3 + 108*a**2 - 278*a - 87. Calculate m(24).
153
Let k(y) = -2676*y - 15863. Determine k(-6).
193
Let s(c) = -7506*c**2 - 63*c - 71. Determine s(-1).
-7514
Let v(i) = -590*i + 230028. Determine v(389).
518
Let j(c) = 2984*c - 11950. Determine j(4).
-14
Let b(j) = -7*j**3 - 146*j**2 + 9*j - 557. Determine b(-21).
-305
Let b(h) = -116*h**2 + 877*h - 447. Determine b(7).
8
Let a(n) = -n**3 + 51*n**2 + 32*n - 1932. Give a(51).
-300
Let c(h) = 42*h**2 + 690*h + 2763. What is c(-7)?
-9
Let q(c) = -8*c**2 - 143*c - 20. What is q(-19)?
-191
Let z(k) = -k**3 + 73*k**2 + 1019*k + 263. Calculate z(85).
178
Let c(i) = -2*i**3 + 15*i**2 - 2099*i + 16839. Determine c(8).
-17
Let k(u) = -14200*u + 6503563. Determine k(458).
-37
Let m(j) = -7320*j**2 - 109807*j + 2. Give m(-15).
107
Let v(q) = q**2 - 7*q - 534. Determine v(15).
-414
Let k(f) = f**3 + 57*f**2 - 1235*f - 2689. Give k(-2).
1
Let g(t) = -3349*t + 6734. Determine g(2).
36
Let n(g) = 29*g**2 - 148*g + 260. What is n(2)?
80
Let o(z) = 353*z**2 + 14543*z - 14544. What is o(1)?
352
Let w(d) = -d**2 + 57*d + 8449. What is w(125)?
-51
Let s(m) = 7*m**2 - 4403*m - 31145. Determine s(-7).
19
Let d(m) = 4*m**3 - 7*m**2 + 51*m + 12. What is d(0)?
12
Let d(o) = -57016*o + 513128. Determine d(9).
-16
Let z(o) = -11690*o - 70178. Calculate z(-6).
-38
Let d(i) = -3851167*i + 11553495. What is d(3)?
-6
Let h(a) = 28193*a - 4059795. What is h(144)?
-3
Let q(l) = -29*l**2 + 1385*l - 6193. Determine q(5).
7
Let s(w) = 29*w + 25. Calculate s(-22).
-613
Let j(a) = -829*a - 6991. Give j(-8).
-359
Let o(f) = -188*f**2 - 30*f + 41. Determine o(2).
-771
Let y(u) = -2*u**3 + 348*u**2 - 8869*u + 420. What is y(143)?
-9
Let w(s) = -8*s**3 - 11*s**2 + 37*s + 112. Give w(-2).
58
Let t(f) = 442*f**2 - 7285*f + 20009. What is t(13)?
2
Let b(p) = p**3 + 229*p**2 - 207*p + 2920. Determine b(-230).
-2370
Let w(s) = 3836*s - 625273. Give w(163).
-5
Let s(g) = g**3 - 1042*g**2 - 384657*g - 2666. Calculate s(1331).
-4
Let o(i) = 12449*i + 112047. Calculate o(-9).
6
Let a(u) = -u**2 - 92*u + 15016. Determine a(91).
-1637
Let s(g) = g**2 + 698*g + 75552. Calculate s(-130).
1712
Let h(a) = -41*a - 2311. Give h(-75).
764
Let f(j) = -j**3 - 370*j - 3469. Determine f(-8).
3
Let p(z) = 2*z**2 - 419*z + 19516. Determine p(70).
-14
Let u(o) = o**3 - 64*o**2 - 371*o + 11397. Calculate u(67).
7
Let y(g) = -g**3 + 15*g**2 - 39*g - 41. Give y(6).
49
Let o(k) = -k**3 - 164*k**2 - 2870*k + 747. What is o(-144)?
-693
Let l(w) = 4*w**2 - 265*w - 6038. Determine l(86).
756
Let t(r) = -87506*r + 700018. Calculate t(8).
-30
Let c(o) = 8121*o + 324944. Determine c(-40).
104
Let v(d) = 3*d**2 + 